e highest common divisor of 30 and a.
6
Let k = 53 - -35. Let a(p) = 12*p - 1. Let u be a(1). What is the greatest common divisor of k and u?
11
Let g(w) be the first derivative of w**4/4 - 4*w**3/3 + 5*w**2/2 - 8*w - 19. Let p be g(5). Calculate the highest common factor of 28 and p.
14
Suppose -581 = -4*s - p, -p = -4*s + 265 + 306. Suppose -z = 2*z - 48. Calculate the greatest common divisor of z and s.
16
Suppose 3*d = c + 739, -3*d + d + 494 = -c. Calculate the highest common divisor of d and 49.
49
Let z be 10/35 - 7208/(-56). Calculate the greatest common divisor of 172 and z.
43
Let a = -26 + 30. Suppose 0 = 5*p + 3*q - 110, 4*p = -a*q - 0*q + 88. What is the greatest common factor of p and 2?
2
Let w = -378 + 386. Let o be 108/7*(-84)/(-18). What is the highest common factor of o and w?
8
Suppose 0 = 5*p + 3*v - 71, -13*v = -2*p - 12*v + 24. What is the highest common factor of p and 169?
13
Suppose -7*k = k - 7008. Suppose 3*u = -5*h + 649 - 101, -h = -5*u + k. Calculate the greatest common divisor of u and 22.
22
Suppose -255 = -26*n + 9*n. What is the greatest common divisor of n and 45?
15
Suppose -15*g = -7*g - 176. What is the highest common divisor of g and 286?
22
Let m(y) = 0 + 5 + 3 - 3*y + 2*y. Let k be m(4). Suppose 99 = -c + 6*c + 4*n, k*n = 2*c - 34. What is the greatest common factor of c and 38?
19
Suppose 0 = -2*w - 6, 41 - 12 = 5*x - 3*w. Suppose 0 = y + x*y - 55. Calculate the highest common divisor of y and 55.
11
Let c(z) = z**2 + 12*z - 1. Let l be c(-16). Calculate the greatest common divisor of l and 14.
7
Suppose 101 = q + g, q - 60 = g + 39. Calculate the greatest common factor of 60 and q.
20
Let u(m) = -5*m**2 - 2*m + 4. Let r be u(-3). Let l = 724 + -742. Let w = l - r. Calculate the greatest common divisor of w and 51.
17
Suppose 29 = -5*n - 6. Let p(h) = -h**3 - 8*h**2 - 8*h + 1. Let d be p(n). What is the greatest common divisor of 32 and d?
8
Suppose 0 = -3*c + 6, 52 = -2*g + 4*c + 8. Let y = 6 + g. Let h(k) = -k**2 - 16*k - 14. Let a be h(y). Calculate the greatest common divisor of a and 17.
17
Let h = 846 - 454. Calculate the greatest common factor of 28 and h.
28
Let q = 45 + -38. Suppose -6*d + 95 = 5*r - q*d, 0 = -4*d. Calculate the greatest common divisor of 38 and r.
19
Suppose 4*y - 85 = -3*g - 63, -2*g = -y - 22. Let x be 1/(-4) - 243/(-12). What is the greatest common divisor of g and x?
10
Let g be ((-8)/(-3))/(2/3). Suppose 2*k + 115 = 7*k. Suppose -k = -3*o + 7. What is the greatest common divisor of g and o?
2
Suppose 30 = -26*c + 28*c. What is the highest common divisor of 120 and c?
15
Suppose -3*r + 9 = -0. Suppose r*t = -366 + 918. Calculate the highest common factor of 23 and t.
23
Let s = 37 - 36. Suppose 17*m - 12*m = -90. Let g = m + 24. Calculate the greatest common factor of g and s.
1
Suppose 3*m - 2*m - 29 = 0. Suppose -m - 3 = -2*h. Let u be 3/((-7)/1680*-5). What is the greatest common divisor of h and u?
16
Suppose 2890 = 6*s + 11*s. What is the greatest common factor of s and 10?
10
Let t be ((-72)/(-30))/((-2)/5). Let i be (-16)/t*(-4 + 17 + 5). What is the highest common factor of i and 4?
4
Let t be 1*69 + 10/(30/(-9)). Calculate the highest common factor of 726 and t.
66
Let z(c) = 3 - 1 + 2 - 82*c + 2. Let v be z(-3). What is the highest common divisor of v and 28?
28
Let p = -28 + 2. Let g(b) = -11*b + 7. Let d be g(7). Let c = p - d. What is the highest common divisor of 4 and c?
4
Suppose -107*l + 116*l - 9576 = 0. What is the highest common divisor of 304 and l?
152
Let f(d) = 128*d + 277. Let n be f(-2). What is the greatest common factor of 112 and n?
7
Let k(r) = -r**2 + 4*r + 13. Let a be k(5). Suppose -3*u + 3*y - 97 = -a*u, -u = 4*y - 33. Calculate the highest common divisor of u and 153.
17
Let o = -164 - -245. Let b be o + (2 + 1)/(-3). Suppose -76 - 36 = -7*a. What is the greatest common divisor of b and a?
16
Suppose -2*n + 6*n - 24 = 0. Let r be (-1 + 2)/(57/9 - n). Calculate the greatest common divisor of r and 6.
3
Suppose x = 1 + 27. Suppose 2*p + n = 2*n + 52, 0 = -3*p - 4*n + 56. Suppose -28*k + 56 = -p*k. Calculate the greatest common factor of x and k.
14
Let n(x) = -2*x - 3. Suppose -5*s + r = 54, -5*r + 60 = -s - 3*s. Let p be n(s). Calculate the highest common factor of p and 119.
17
Let d(l) = l**3 - 5*l**2 - 15*l + 22. Let g be d(7). What is the highest common divisor of 65 and g?
5
Let r = -66 - -93. Let a be r - (-5)/((-5)/2). Calculate the highest common divisor of 175 and a.
25
Let d = 579 - 559. Calculate the highest common divisor of d and 1150.
10
Let f be ((-868)/(-42))/(4/18). Calculate the highest common factor of 124 and f.
31
Let f = 1009 + -138. Let q(i) = 606*i - 1. Let j be q(-1). Let d = f + j. Calculate the greatest common factor of d and 24.
24
Let q = -65 - -79. Suppose -5*y + 19 = q. What is the highest common factor of y and 3?
1
Suppose -711 = -10*x - 2101. Let i = x - -295. Calculate the greatest common factor of i and 12.
12
Let v be 0/(-1) + -2 + 10 - -4. Let q = 0 + 24. Calculate the greatest common divisor of v and q.
12
Suppose -j - j = 5*r - 26, -j + 23 = 5*r. Suppose -8*q - y + 43 = -7*q, 0 = 5*q + r*y - 211. What is the greatest common factor of 26 and q?
13
Suppose -4*z = 5*r - 993, -4*r - 1272 = 4*z - 9*z. What is the greatest common factor of 56 and z?
28
Let j = 271 + -259. What is the highest common factor of 30 and j?
6
Let y be 2051313/462 - (-3)/((-126)/3). Calculate the greatest common factor of 120 and y.
120
Let j(n) = 25*n - 1. Let h be j(6). Let d = h + -64. Suppose m = a + d, 5*m - 5*a - 428 = -a. What is the highest common factor of m and 11?
11
Let a be (3/6)/((-2)/84). Suppose p = 0, -2*h = 4*p + 1 + 1. Let d = h - a. What is the greatest common factor of 100 and d?
20
Suppose 0 = -a - 7 + 37. Suppose 8*t - 545 = -65. What is the greatest common factor of t and a?
30
Let p = 10 - 6. Let n = -74 - -77. Suppose -2*l + 180 = n*l. What is the highest common divisor of p and l?
4
Let x = -1319 - -1327. What is the greatest common factor of x and 30?
2
Suppose -97 - 68 = -2*b + 3*o, 205 = 2*b + 5*o. Let c(g) = g**3 + 8*g**2 + g - 6. Let h be c(-7). What is the greatest common factor of h and b?
18
Let o(s) = -s**3 - 28*s**2 - 124*s - 6. Let u be o(-5). Let t be -4*(73/(-4) - -2). What is the greatest common divisor of t and u?
13
Suppose 4*a - 4 - 12 = 0. Suppose -5*q = a*n - 43, 5*n - 49 = -q - 11. What is the greatest common factor of n and 35?
7
Suppose -5*u + 240 = 3*l, -4*u + 3*l - 4*l = -199. Calculate the greatest common divisor of u and 187.
17
Let s = 67 - -41. Let g(c) = c - 7. Let o be g(7). Suppose 3*q + 0 - 36 = o. Calculate the greatest common factor of q and s.
12
Let n(g) = 97*g**2 - 15*g - 2. Let v be n(-1). Calculate the greatest common divisor of 90 and v.
10
Let n = -217 + 446. Suppose 0 = 226*f - n*f + 162. What is the greatest common divisor of 27 and f?
27
Suppose -3*w = 25*w - 1120. Calculate the highest common factor of 205 and w.
5
Let t = 404 - 287. Let q = 92 + -100. Let g be (q/12)/((32/156)/(-4)). What is the highest common factor of t and g?
13
Suppose 5*g - 3*x - 243 = 0, 2*g + 3*x - 189 = -2*g. Suppose 0 = 2*f - 6*f + g. Calculate the greatest common divisor of 4 and f.
4
Suppose 29 = 5*b - 11. Let j = 49 + -37. Suppose -j*k = -11*k - 56. Calculate the highest common factor of k and b.
8
Suppose 2*m = 6*s - 5*s - 116, 3*s - 2*m - 368 = 0. What is the highest common divisor of 28 and s?
14
Let h = 2 + 10. Let t(u) = 8 + h*u + 13 - 22. Let p be t(2). What is the highest common divisor of 207 and p?
23
Suppose 0 = -0*p + p. Suppose -11*z + 3*z + 32 = p. Calculate the highest common divisor of 2 and z.
2
Let m(w) = w**2 - 15*w + 32. Let a be m(13). Suppose 5*g = 5*p - 50, -4*p = -7*p - 3*g + a. What is the highest common divisor of 6 and p?
6
Let b(c) = -3*c**3 + 53*c**2 + 21*c - 24. Let j be b(18). Let s(u) = 4*u**2 - 2*u + 3. Let n be s(-3). Calculate the highest common divisor of j and n.
15
Let h be 5 + 1/1 - (16 + -13). Suppose h*o - 7*o + 4*b = -80, -4*o = -3*b - 84. What is the highest common divisor of 16 and o?
8
Let k = -362 + 406. Calculate the highest common factor of k and 1100.
44
Let z(w) = 16*w**2 + 4*w. Let k be z(3). Suppose -2*v + 6*v + k = 0. Let